{"id":26,"date":"2022-08-14T19:26:44","date_gmt":"2022-08-14T22:26:44","guid":{"rendered":"https:\/\/www.projetogerizim.com.br\/?page_id=26"},"modified":"2025-03-11T22:17:09","modified_gmt":"2025-03-12T01:17:09","slug":"diretoria","status":"publish","type":"page","link":"https:\/\/www.projetogerizim.com.br\/index.php\/diretoria\/","title":{"rendered":"Diretoria"},"content":{"rendered":"\n<p><strong>Recursos humanos envolvidos:<\/strong><\/p>\n\n\n\n<p><strong> Administra\u00e7\u00e3o:<\/strong><\/p>\n\n\n\n<ul class=\"wp-block-list\">\n<li>Presidente: Alessandra Lima de Almeida Teixeira <\/li>\n\n\n\n<li>Vice Presidente: Maria Luzia de F\u00e1tima Dias<\/li>\n\n\n\n<li>1\u00b0 Secret\u00e1ria: Ana Cristine Andr\u00e9 dos Santos Silva<\/li>\n\n\n\n<li>2\u00b0 Secret\u00e1ria: Zilanda Campos Moreira<\/li>\n\n\n\n<li>1\u00b0 Tesoureiro: Rafael da Silva Teixeira<\/li>\n\n\n\n<li>2\u00b0 Tesoureiro: Renato Cesar Rodrigues<\/li>\n\n\n\n<li>Conselho Fiscal: Juliana Aparecida Pereira Imperes<\/li>\n\n\n\n<li>Conselho Fiscal: Elza dos Santos<\/li>\n\n\n\n<li>Conselho Fiscal: Renata de C\u00e1ssia Martins Leonor Gomes<\/li>\n<\/ul>\n\n\n\n<p><strong>Equipe de apoio operacional:<\/strong><\/p>\n\n\n\n<p> T\u00e9cnico e Auxiliares t\u00e9cnicos.<\/p>\n\n\n\n<ul class=\"wp-block-list\">\n<li>Cl\u00e1udio Pereira<\/li>\n\n\n\n<li>Jo\u00e3o Weslley de Almeida Rodrigues<\/li>\n\n\n\n<li>Rafael da Silva Teixeira<\/li>\n\n\n\n<li>Felipe Pedroso Bueno<\/li>\n<\/ul>\n\n\n\n<p><\/p>\n","protected":false},"excerpt":{"rendered":"<p>Recursos humanos envolvidos: Administra\u00e7\u00e3o: Equipe de apoio operacional: T\u00e9cnico e Auxiliares t\u00e9cnicos.<\/p>\n","protected":false},"author":1,"featured_media":0,"parent":0,"menu_order":0,"comment_status":"closed","ping_status":"closed","template":"","meta":{"footnotes":""},"class_list":["post-26","page","type-page","status-publish","hentry"],"_links":{"self":[{"href":"https:\/\/www.projetogerizim.com.br\/index.php\/wp-json\/wp\/v2\/pages\/26","targetHints":{"allow":["GET"]}}],"collection":[{"href":"https:\/\/www.projetogerizim.com.br\/index.php\/wp-json\/wp\/v2\/pages"}],"about":[{"href":"https:\/\/www.projetogerizim.com.br\/index.php\/wp-json\/wp\/v2\/types\/page"}],"author":[{"embeddable":true,"href":"https:\/\/www.projetogerizim.com.br\/index.php\/wp-json\/wp\/v2\/users\/1"}],"replies":[{"embeddable":true,"href":"https:\/\/www.projetogerizim.com.br\/index.php\/wp-json\/wp\/v2\/comments?post=26"}],"version-history":[{"count":7,"href":"https:\/\/www.projetogerizim.com.br\/index.php\/wp-json\/wp\/v2\/pages\/26\/revisions"}],"predecessor-version":[{"id":365,"href":"https:\/\/www.projetogerizim.com.br\/index.php\/wp-json\/wp\/v2\/pages\/26\/revisions\/365"}],"wp:attachment":[{"href":"https:\/\/www.projetogerizim.com.br\/index.php\/wp-json\/wp\/v2\/media?parent=26"}],"curies":[{"name":"wp","href":"https:\/\/api.w.org\/{rel}","templated":true}]}}